o**5 + 22*o**2 + 0 - 1/6*o**4 - 2/3*o**3 + 0*o. Let k be p(-2). Let f(s) = 3*s - 8. Calculate f(k).
16
Let x(d) = -4*d**2 + 20*d - 9. Let u = 16585 + -16581. Calculate x(u).
7
Let q(s) = s**2 + 3*s + 10. Let r(f) = f**2 + 12. Let y(k) = 4*q(k) - 5*r(k). What is y(9)?
7
Let o(f) be the third derivative of -1/12*f**4 + 0*f - 11/6*f**3 + 0 + 104*f**2. What is o(-9)?
7
Suppose 132 - 24 = 4*s. Let h be 2/(6/s*3). Let b(d) = 0 - 6*d**2 + 1 - h*d**2 + d**2 - 2*d. Determine b(1).
-9
Suppose -4*i = 0, -4*s + 5*i + 5 = -3*s. Let u(v) be the second derivative of -v**3/6 + 6379*v. What is u(s)?
-5
Let m(i) = -7*i - 13*i**2 - 153*i**2 + 165*i**2 + 8. Give m(-8).
0
Let z(l) = l**2 + 36*l - 302. Let t be z(7). Let p(d) = -63*d + 3. Determine p(t).
66
Let a be 103 + -97 - (2/(-1) + -1). Let f(p) = -p**2 + 3*p + 27. Determine f(a).
-27
Let s(k) = 9*k**2 - k + 13. Let a(v) = 19*v**2 - 2*v + 22. Let f(l) = -3*a(l) + 5*s(l). Determine f(1).
-12
Suppose -19*c - 34 + 433 = 0. Suppose -8 = q + 3*k + 7, q + 5*k = -c. Let x(g) = -g**2 - 4*g - 1. What is x(q)?
-13
Let w(l) = 17*l**2 - 15*l - 9. Let g(m) = 14*m**2 - 15*m - 8. Let a(f) = 6*g(f) - 5*w(f). Calculate a(-15).
-3
Let o(p) be the third derivative of 7*p**4/12 + 59*p**3/3 + 2*p**2 - p - 1953. Give o(-11).
-36
Let x(s) = 35*s + 60. Suppose -c - 558*g + 560*g = 8, 4*c + 17 = 3*g. What is x(c)?
-10
Suppose -1509*k + 1513*k + 46 = 3*s, -40 = 3*k - 5*s. Let c(i) = -i**3 - 11*i**2 - 11*i + 12. Give c(k).
22
Let s be -1 - 1 - 10*1/(-2). Suppose 0 = 5*j - 4*f + 18 - 31, -2*f = s*j - 21. Let y(p) = -2*p**3 - p + 7*p + 4*p**2 - 2 + p**3. What is y(j)?
3
Let g(u) be the third derivative of -u**6/120 - u**5/10 + u**4/3 - u**3/3 - u**2. Let z be ((-70)/25)/(584/1460). Give g(z).
-9
Let f = -118 + 99. Let w be (-88)/110 - f/5. Let n(b) = 4*b - 3. Determine n(w).
9
Let f(v) = -12*v**2 - 7*v + 1. Let y(p) = p**2 + p. Let k(a) = -f(a) - 5*y(a). Suppose 203*c - 270*c = -67. Give k(c).
8
Let c(f) = -11*f**3 - 2*f**2 - f + 2. Suppose 3*d = 3*p + 21, 4*d + 40*p + 14 = 37*p. Give c(d).
-12
Let s(i) be the first derivative of -i**2 + 4*i - 4. Suppose -3*a + 39 = 7*x - 3*x, 15 = -5*a. Suppose -4*h + 3 - x = -5*o, 3*h - 2*o = 2. What is s(h)?
-4
Let j(g) = g**2 + 219*g - 629*g + 217*g + 25 + 0*g**2 + 204*g. What is j(-11)?
25
Let n(s) = -42*s. Let v(t) = -85*t - 7. Let o(p) = 2*n(p) - v(p). Calculate o(6).
13
Let s = 168 - 141. Suppose 32*o - s*o - 10 = 0. Let h(k) = 3 - 3 + 3*k**2 + 2*k**o - k**3. Determine h(5).
0
Suppose 161*x - 100*x - 2023 = -228*x. Let w(a) = -a**3 + 8*a**2 - 8*a + 1. What is w(x)?
-6
Let a(p) = 3*p**2 - 140*p + 8. Let n(o) = 2*o**2 - 106*o + 7. Let q(t) = 3*a(t) - 4*n(t). Give q(-4).
-4
Let z(q) = -60*q + 171. Let d(l) = 66*l - 169. Let a(g) = -3*d(g) - 4*z(g). Give a(4).
-9
Let d(t) = 28*t**2 + 26*t + 52. Let u(a) = 13*a**2 + 11*a + 26. Let q(m) = 6*d(m) - 13*u(m). Give q(9).
10
Let j = -15876 + 15902. Let l(v) = 2*v**2 - 53*v + 36. Determine l(j).
10
Let w(f) = f**3 - 5*f**2 + f - 3. Let r(o) = -6*o + 1. Let m(h) = -11*h + 1. Let u(k) = 4*m(k) - 7*r(k). Let n be (-1 - -2 - 3 - 6)/2. Let x be u(n). Give w(x).
2
Let a(m) be the second derivative of 2 + 22*m + 1/2*m**2 - 7/3*m**3. Determine a(1).
-13
Suppose 2*h - h + 17 = 2*a, -a - 4*h = 14. Let j(g) be the first derivative of g**3/3 - 2*g**2 - 3*g + 2753. Calculate j(a).
9
Let k(f) be the first derivative of -2*f**3/3 + 68*f - 513. Determine k(6).
-4
Suppose 2*y = -2*o + 6, -18*o + 5*y - 15 = -15*o. Let w(k) be the third derivative of -1/12*k**4 + 1/15*k**5 + 1/6*k**3 + 0 + 13*k**2 + o*k. Calculate w(1).
3
Let n be 0*((-9)/(-6) - 1). Let c = -1 + n. Let k(f) = 3565*f - 3564*f - 20*f**2 + 10*f**2. Calculate k(c).
-11
Let k(i) = i**3 + 6*i**2 + 5*i. Let a = 163 - 157. Suppose a*z = 14*z + 32. Calculate k(z).
12
Suppose 3*g + 11 = -5*l, 2*g + 17 = -5*l + 8. Let h(s) = -s + 6. Let j(a) = -a. Let q(o) = l*h(o) + 2*j(o). Give q(-3).
-3
Let f = 194 - 179. Let i(z) = -z + f*z - 10*z. What is i(3)?
12
Let z(a) = 5*a**3 - 7*a**2 - 3*a + 9. Let l = 163 - 165. Let f(y) = -7*y**3 + 8*y**2 + 3*y - 10. Let o(i) = l*f(i) - 3*z(i). Determine o(5).
8
Let h(n) be the second derivative of -1/3*n**3 + 17/2*n**2 - 9*n + 6. Determine h(5).
7
Suppose 0 = 3*o + 63 - 15. Let b be ((-136)/o)/(2/4). Let z = -16 + b. Let j(u) = -16*u**2 + 2*u - 1. Calculate j(z).
-15
Let u(b) = -13*b + 20*b - 13*b. Let o(w) = -w + 8. Let g be o(8). Suppose g = -31*p + 32*p + 1. What is u(p)?
6
Suppose 3*z - 3*k + 12 = 0, -5*k = 5*z + 16 - 6. Let r(x) = 2*x + 10. Let q(t) = -t - 4. Let g(l) = z*r(l) - 7*q(l). What is g(0)?
-2
Let n be ((-6)/9)/((-2)/(-3)). Suppose -38*b + 1217 = -37*b. Let o(v) = -b*v**3 + 1214*v**3 - v + 0*v - v**2 + 0*v. Give o(n).
3
Let w(z) = z - 9. Let p(r) = 41*r**3 + 4*r**2 + 3*r + 1. Let u be p(-1). Let n = u - -43. Suppose 0 = -n*i - i + 40. Determine w(i).
-1
Suppose -2*v - 889 = -895. Suppose -v*a + n = 53, -2*a - 3*a - 2*n = 70. Let m(w) = w**2 + 16*w + 2. Determine m(a).
2
Let c(t) = 6*t**3 + 1. Let w = -199 + 207. Suppose 12*g = w + 4. What is c(g)?
7
Let y(c) = -9*c**2 + 24*c - 1. Let r(l) = -11*l**2 + 28*l - 1. Let x(t) = -4*r(t) + 5*y(t). Calculate x(7).
6
Let a(d) be the second derivative of 2*d - 20 + 1/20*d**5 - 4/3*d**3 + 4*d**2 + 1/2*d**4. Let i(k) = -k**3 + 6*k**2 - 7*k + 3. Let h be i(5). What is a(h)?
15
Let b(w) = -w - 29. Let c = 9648 - 9670. Determine b(c).
-7
Let n be (2431/34)/(1/(1*-2)). Let o = -141 - n. Let i(h) = -11*h**2 + 3. Let m(l) = -5*l**2 + 1. Let u(b) = 3*i(b) - 7*m(b). Calculate u(o).
10
Let r(t) = t**3 - 84*t + 78*t + 5*t**2 + 11 + t**2. Let g(s) = 26*s + 71. Let n be g(-3). Determine r(n).
4
Let u(m) = -m**2 + 7*m - 7. Let i be u(1). Let g(t) = -26*t**2 + t + 4. Let l(k) = k**2 - 1. Let f(b) = -g(b) - 4*l(b). What is f(i)?
23
Suppose -5*x = j - 27 + 2, -x = -3*j - 5. Suppose -4*b - 4*r = -44, j*b - 3*b + r + 17 = 0. Let y(h) = -3 - 11*h + b - 4. Determine y(-1).
11
Let k(u) be the third derivative of u - 5*u**2 + 0 + 1/12*u**4 + 1/3*u**3 + 1/60*u**5. What is k(0)?
2
Suppose 0 = -4*s - z + 85, 4*z - 11 = -5*s + 87. Let k(u) = u**2 - 23*u - 15. What is k(s)?
-37
Suppose 5*w + 258 = 218. Let p(u) = 6*u + 18. Let j(m) = 9*m + 27. Let q(c) = w*p(c) + 5*j(c). Determine q(-4).
3
Let b(h) = -h**3 + 12*h**2 - 19*h - 33. Let o(y) = 13*y**2 - 64*y + 5. Let d be o(5). Give b(d).
-23
Let c(y) = -4*y - 3. Let g(t) = 9*t + 5. Let o(u) = -5*c(u) - 2*g(u). Let s be (2646/189)/(-3 + 2 + -1). What is o(s)?
-9
Let c(z) = -z**2 + 29*z + 21. Let s = 8475 + -8445. Calculate c(s).
-9
Let m(p) = 9*p + 2. Let r be 30/(-12)*4/(-2) + -3. Let k(s) = 4*s + 1. Let g(w) = r*m(w) - 5*k(w). Determine g(-4).
7
Let t(s) = -14*s - 22. Let r(p) = -9*p + 2. Let v(c) = 2*r(c) - t(c). Calculate v(12).
-22
Let y be (-64)/(-10) + (-2)/5. Suppose 9*f = -l + 7*f + 6, -3*l + 3*f = 0. Let n(w) = -y + 2*w**l + 2 - w**2 - 2*w + 3. Give n(4).
7
Suppose w + 30 = 4*h, -3*h + 45 = -19*w + 16*w. Let g(f) = -f**3 - 7*f**2 + 29*f + 2. Give g(w).
12
Let m(c) = 7 - 10*c - 6*c - c**2 + 5*c - c. Suppose -2*w - 3*v = 11, 0 = 90*w - 92*w + v - 15. Determine m(w).
42
Let h(x) be the first derivative of -3*x**4/2 + x**3/3 + 15*x**2/2 + 14*x - 52. Let k be h(-1). Let n(a) = a**3 - 5*a**2 - 7*a - 9. Calculate n(k).
-15
Let z be 8/((-1)/(-4)*8). Let l(m) = -7*m**2 + 11*m - 9. Suppose -14 + 19 = 5*p. Let o(x) = -x**2 + x - 1. Let f(u) = p*l(u) - 6*o(u). What is f(z)?
1
Let j be 3/(-3)*(-5 + 5). Suppose j = 2*z - 1 - 29. Let w(o) = -o - 7 - 5 + z. Determine w(5).
-2
Let g(v) = 5*v - 3 - 12*v**3 + 11*v**3 - 4*v**2 - 4*v - 3*v. Let s be g(-2). Let c(l) = -l**2 - 8*l + 2. Calculate c(s).
9
Let y(z) = z**3 - 3*z + 1. Let b(v) = -44*v**3 + 3*v**2 - 13*v + 4. Let l(p) = -b(p) + 5*y(p). What is l(-1)?
-49
Let m(y) = -y - 3. Suppose -4*s - 122 = -n, -495 = -3*n + 5*s - 157. Let i be ((-53)/n)/((-2)/28). What is m(i)?
-10
Let s = -14 - -19. Suppose 12 = -s*g + 22. Let j(l) = -l + l**3 + 132 - 135 - 2*l - 5*l**g. Give j(6).
15
Suppose 29*v + 72 - 217 = 0. Let a(h) = -5*h**3 - h**2 - 32*h + 10. Let r(f) = -2*f**3 - 11*f + 3. Let m(i) = 3*a(i) - 8*r(i). Give m(v).
16
Let h(g) = -7*g + 39. Let p be 13 + 6 + -3 + -11. Give h(p).
4
Let s(u) = -u**2 - 8*u. Let j be (3 - -1) + (-2 - 9/(-3)). Suppose -8 + 53 = -j*p. What is s(